-72)/7 - 2/(-7). Let a be 64/v - (-2)/5. What are the prime factors of a/(-21) + 304/14?
2, 11
Suppose -n = 2*x - 18, -5*n = -2*x + x - 35. Suppose -12*f + 744 = -n*f. Let m = -126 + f. What are the prime factors of m?
2, 3, 5
Let q(w) = -w**2 + 29*w - 122. Let a be q(24). Suppose 15 = l + 2*l. Let b = a + l. List the prime factors of b.
3
Let i(f) = 5*f**2 + f - 2. Let l(w) = -4*w**2 + 1. Let t(r) = -3*i(r) - 4*l(r). List the prime factors of t(7).
2, 3, 5
Suppose -29*n + 4398 = -1054. What are the prime factors of n?
2, 47
Let x(b) = -15*b + 5. Let d(l) = -l. Let s(j) = 10*d(j) - x(j). Let y be s(9). Suppose -5*o + 7*o = y. List the prime factors of o.
2, 5
Let c(g) = g**2 - g + 12. What are the prime factors of c(15)?
2, 3, 37
Suppose -5*q + 9263 = -2*a - 3382, 5*a = 4*q - 10116. What are the prime factors of q?
3, 281
Suppose 3*z + 81*q = 86*q + 794, z - 2*q = 265. List the prime factors of z.
263
Let t(l) = 1 - 5 - 9*l + 5 + 3. Let s(q) = 5*q - 2. Let a(b) = -5*s(b) - 2*t(b). What are the prime factors of a(-3)?
23
Suppose 4*o = 2*s - 6, -5*o = 3*s - 6*o - 29. Let q be (5/(-4))/(s/(-44)). Let a(b) = 3*b**2 - 9*b + 11. List the prime factors of a(q).
41
Suppose -3*f = -7*f + 64. Let g = 29 - f. What are the prime factors of g?
13
Let w = -2 - -10. Suppose 4*b - w = 8. Suppose b*y + 5*h = -0*h + 105, 5*y + 4*h = 138. List the prime factors of y.
2, 3, 5
Let d be (3/9 + 0)*9. Suppose 0*x = -2*x - d*n + 89, 52 = x + 4*n. What are the prime factors of x?
2, 5
Let b = 1818 - 1272. What are the prime factors of b?
2, 3, 7, 13
Let s be 190/(-1) + 2 - (4 + -2). Let n = -98 - s. What are the prime factors of n?
2, 23
Suppose -4*v + 6 = -6. Suppose -v*x = 4*k + 40, 0*k + 5*k = 5*x - 50. List the prime factors of (-135)/k + 6/(-4).
2, 3
Suppose 3*g + g - 8 = 0. Let c be 3/g - 66/(-4). Let o = -9 + c. What are the prime factors of o?
3
Suppose -3*a + 1195 = 2*a. Suppose 6*h - 7*h + a = 0. What are the prime factors of h?
239
Let c be 1/(((-3)/(-1))/3) + 0. What are the prime factors of (-14)/c*(-42)/12?
7
Suppose 2*q - 398 = 96. What are the prime factors of q?
13, 19
Suppose 2*o - 11 = -a + 4*o, -o - 31 = -2*a. Suppose a = -3*f - p + 64, 0 = -f + 2*p + 4. What are the prime factors of 4/f - 334/(-7)?
2, 3
Let v be 2/(-8) - -1013*2/8. Suppose -y = 2*y - s - v, 0 = 2*s - 4. What are the prime factors of y?
5, 17
Let v(g) = g**3 - 3*g**2 + 3. Let z be v(3). Suppose z*u = 2*u + 2. Suppose -5*s - 4*x + 40 = -u*s, 3*s - 5*x - 85 = 0. What are the prime factors of s?
2, 5
Let q(g) = 12*g**3 + 2*g - 1. Let l = -7 + 9. What are the prime factors of q(l)?
3, 11
Let m(d) = d**2 - d + 67. What are the prime factors of m(-12)?
223
Let r = -70 - -46. Let c be r/(-18) + (-58)/(-6). Suppose -f + 9 + c = 0. What are the prime factors of f?
2, 5
Let c be 1*16/(-4)*-1. Suppose 8*s = 7*s - c. Let g = s - -32. What are the prime factors of g?
2, 7
Suppose 0 = -2*b - 11 - 3. Suppose 3*m - 26 = m. Let z = m - b. What are the prime factors of z?
2, 5
List the prime factors of ((-26)/8)/((19/548)/(-19)).
13, 137
Let g = -36 - -24. Let j(v) = -v**3 - 13*v**2 - 14*v + 23. What are the prime factors of j(g)?
47
Let p be 0*((-3)/(-6) - 1). Suppose 5*n + 5*z - 575 = p, 4*n = 2*z + z + 467. List the prime factors of n.
2, 29
Suppose -5*t - i = -2*i - 310, -5*t = -5*i - 290. Let f be (2 + -1)/(3/t). Suppose a + x = f, -x + 21 + 75 = 4*a. List the prime factors of a.
5
Let z = 697 + -368. What are the prime factors of z?
7, 47
Let q be (0 - 183)*12/(-18). Let x = -48 + q. Let k = x + -40. What are the prime factors of k?
2, 17
Let j = -453 - -487. What are the prime factors of j?
2, 17
Suppose -13*i + 34*i - 11214 = 0. What are the prime factors of i?
2, 3, 89
Suppose -32249 = -30*z + 21511. What are the prime factors of z?
2, 7
Let k(u) be the first derivative of 3*u**4/4 - u**3 - u**2 + 4*u + 3. Suppose -n - 3 = -6. List the prime factors of k(n).
2, 13
What are the prime factors of (-31)/((-248)/(-72528))*2/(-4)?
3, 1511
Suppose 0 = -18*p - 3*p + 17955. List the prime factors of p.
3, 5, 19
Let s = -12651 - -18498. List the prime factors of s.
3, 1949
Let u(c) = -c**2 - 10*c + 5. Let k be u(-10). Suppose 0 = 2*b - 4*s - 26, k*s + 3 = -b + 3*s. List the prime factors of (-53)/(-2*b/10).
53
Suppose 0 = -20*v + 22*v - 720. List the prime factors of v.
2, 3, 5
Let i be (24/(-16))/(2/(1328/(-6))). Suppose -2*d + 3*d - i = 0. List the prime factors of d.
2, 83
Suppose 14*m - 150 = -4294. Let n = m - -502. List the prime factors of n.
2, 103
Suppose 9*j - 14*j - 35 = 0. What are the prime factors of 434/98 - (-3)/j?
2
Let y(v) = -v. Let t be y(6). Let p(f) = -3*f**2 - 9*f + 1. Let x be p(t). Let h = -25 - x. What are the prime factors of h?
2, 7
Suppose -2*t = -7 + 1. List the prime factors of t - (582 - -2)/(-4) - 3.
2, 73
Let l(i) = 11*i - 4. Let j be l(-4). Let g = 19 - j. What are the prime factors of g?
67
Let l = -8 - -5. What are the prime factors of ((-25)/10)/(l/72)?
2, 3, 5
Suppose 6*d - 8*d + 546 = 0. What are the prime factors of d?
3, 7, 13
Suppose -10*h + 6*h + 8 = 0. Let t be (3 - 5)/(h/(-15)). What are the prime factors of ((-32)/6)/((-10)/t)?
2
Suppose 4*t - 1775 = 889. Let h = t - 441. List the prime factors of h.
3, 5
Let w(l) = 1093*l**2 - 43*l + 42. List the prime factors of w(1).
2, 3, 7, 13
Let h(t) = 47 + t**2 - 48 - 11*t + 28*t. Let a(n) = -2*n**2 - 35*n + 2. Let x(j) = -2*a(j) - 5*h(j). What are the prime factors of x(-13)?
3
Suppose -k + 4*h = -3, 2*k = -5*h + 28 + 30. Let o = 29 - k. What are the prime factors of o?
2, 5
Let b be (-3)/(27/(-6))*9. Suppose -b*c = -9*c + 384. Suppose -o - 4*q + c = 4*o, o - q - 22 = 0. List the prime factors of o.
2, 3
Suppose 3*o - 15 = -2*o. Let s be 0/o - 2*-45. List the prime factors of s/20 - (-2)/4.
5
Suppose -16 = -2*h - 2*h. What are the prime factors of (-2)/(764/(-190) + h)?
5, 19
Suppose 2*f = -3*l + 103, l = -2*l + 2*f + 95. Let z be (-9)/6 + l/6. What are the prime factors of (-2 + 1)/(z/(-60))?
3, 5
Let u = -2 + 20. Let a(z) = -z**2 - 6*z - 4. Let b be a(-7). Let s = b + u. List the prime factors of s.
7
Let a(h) = h**3 + 25*h**2 - 31*h + 26. Let v be a(-26). Let r(f) = -f**3 + 2*f**2 + 3*f - 3. Let q be r(2). Suppose -y + v = q*y. List the prime factors of y.
3, 13
Let q be (-5*(0 - -1))/((-1)/2). What are the prime factors of 0 - 3*q/(-6)?
5
Suppose k = 2, -v + 18*k - 14*k = -254. List the prime factors of v.
2, 131
Let a = -11 + 14. Suppose 0 = a*r + 3 - 75. What are the prime factors of r?
2, 3
Let p = 616 - 415. Let r = 308 - p. List the prime factors of r.
107
Suppose -4*y + 3*u = -u + 8, 0 = 2*y + 2*u. What are the prime factors of 20*(44/55)/(y/(-8))?
2
Let b(p) = 34*p**2 + 30*p - 306. What are the prime factors of b(8)?
2, 5, 211
Let f(w) = w**3 + 7*w**2 - 8*w - 4. Let q = -6 + -2. Let z be f(q). List the prime factors of (-42 - -2)/z + -2.
2
Suppose 19*r - 17*r = 800. Suppose 2*f - r = -5*p, -p + 3*f = -25 - 55. What are the prime factors of p?
2, 5
Suppose 11*z + 79 = 464. Suppose -u + 5*q = -z, 0*q + 8 = 4*q. List the prime factors of u.
3, 5
Suppose -35*l + 36*l - 3*i + 8 = 0, 4*i = -4*l - 16. Let o(z) = -14*z - 10. Let q(u) = -29*u - 21. Let j(d) = -5*o(d) + 3*q(d). List the prime factors of j(l).
2, 3
Suppose 5*u = -5*n + 2590, -5*n + 2*n = 4*u - 1552. List the prime factors of n.
2, 5, 13
List the prime factors of 3/(42/(-35))*-230.
5, 23
Let y be 9/3 - 12/(-1). Let w = -14 + y. Suppose -w + 51 = 2*i. What are the prime factors of i?
5
Let h(u) = -310*u - 125. List the prime factors of h(-6).
5, 347
Let p = -6086 - -9421. What are the prime factors of p?
5, 23, 29
Let p(f) = f**3 - 8*f**2 + 11*f - 10. Suppose -5 = -s, 0*s + s = -3*v + 20. Suppose 4*i = v*d + 38, 0 = -i + d + 3*d + 15. List the prime factors of p(i).
2, 3
Let x(n) be the second derivative of 5*n**3/3 - 3*n**2 + 17*n. What are the prime factors of x(5)?
2, 11
Suppose -3*b - 21 = 4*b. What are the prime factors of 74/(-8)*(48/4)/b?
37
Let r = -104 - -106. List the prime factors of (-2*(-715)/(-10))/((-2)/r).
11, 13
Suppose 4*l - 6440 = -5*z, 2*l - 10*z + 13*z = 3220. What are the prime factors of l?
2, 5, 7, 23
Let w(g) = -g**3 + 16*g**2 - 56*g + 9. List the prime factors of w(8).
73
Let b(c) be the first derivative of 3*c**3 + c